y 24?
19
What is the remainder when 40 is divided by 32?
8
Calculate the remainder when 111 is divided by 51.
9
Calculate the remainder when 4216 is divided by 5.
1
Calculate the remainder when 388 is divided by 12.
4
Calculate the remainder when 2006 is divided by 7.
4
What is the remainder when 242 is divided by 27?
26
Calculate the remainder when 4182 is divided by 350.
332
Calculate the remainder when 197 is divided by 103.
94
What is the remainder when 701 is divided by 142?
133
What is the remainder when 8882 is divided by 27?
26
Calculate the remainder when 218 is divided by 28.
22
Calculate the remainder when 20823 is divided by 137.
136
Calculate the remainder when 15 is divided by 4.
3
Calculate the remainder when 282 is divided by 19.
16
What is the remainder when 241 is divided by 48?
1
Calculate the remainder when 296 is divided by 25.
21
What is the remainder when 23722 is divided by 36?
34
Calculate the remainder when 13361 is divided by 24.
17
What is the remainder when 474 is divided by 124?
102
What is the remainder when 367 is divided by 40?
7
Calculate the remainder when 2836 is divided by 158.
150
Calculate the remainder when 221 is divided by 22.
1
What is the remainder when 73 is divided by 6?
1
Calculate the remainder when 297 is divided by 95.
12
Calculate the remainder when 2171 is divided by 116.
83
Calculate the remainder when 152 is divided by 26.
22
Calculate the remainder when 763 is divided by 15.
13
Calculate the remainder when 7 is divided by 6.
1
Calculate the remainder when 250 is divided by 32.
26
What is the remainder when 12625 is divided by 23?
21
Calculate the remainder when 87 is divided by 29.
0
Calculate the remainder when 32 is divided by 28.
4
Calculate the remainder when 1020 is divided by 468.
84
Calculate the remainder when 349 is divided by 36.
25
What is the remainder when 81 is divided by 29?
23
What is the remainder when 556 is divided by 43?
40
What is the remainder when 359 is divided by 23?
14
Calculate the remainder when 157 is divided by 71.
15
What is the remainder when 3310 is divided by 51?
46
What is the remainder when 167 is divided by 58?
51
What is the remainder when 3021 is divided by 84?
81
Calculate the remainder when 535 is divided by 141.
112
Calculate the remainder when 51 is divided by 39.
12
Calculate the remainder when 431 is divided by 17.
6
Calculate the remainder when 10 is divided by 5.
0
What is the remainder when 2634 is divided by 63?
51
What is the remainder when 817 is divided by 39?
37
What is the remainder when 337 is divided by 13?
12
What is the remainder when 536 is divided by 46?
30
Calculate the remainder when 3069 is divided by 57.
48
Calculate the remainder when 671 is divided by 220.
11
Calculate the remainder when 9735 is divided by 168.
159
What is the remainder when 3163 is divided by 88?
83
What is the remainder when 1117 is divided by 112?
109
What is the remainder when 76 is divided by 55?
21
Calculate the remainder when 16 is divided by 4.
0
What is the remainder when 1118 is divided by 165?
128
Calculate the remainder when 943 is divided by 86.
83
Calculate the remainder when 1817 is divided by 91.
88
Calculate the remainder when 269 is divided by 45.
44
What is the remainder when 20 is divided by 7?
6
What is the remainder when 112 is divided by 49?
14
What is the remainder when 493 is divided by 25?
18
What is the remainder when 95 is divided by 87?
8
What is the remainder when 2502 is divided by 4?
2
Calculate the remainder when 76 is divided by 46.
30
What is the remainder when 880 is divided by 419?
42
What is the remainder when 526 is divided by 10?
6
Calculate the remainder when 590 is divided by 306.
284
Calculate the remainder when 42 is divided by 34.
8
What is the remainder when 144 is divided by 60?
24
What is the remainder when 690 is divided by 33?
30
What is the remainder when 17938 is divided by 77?
74
What is the remainder when 2226 is divided by 29?
22
Calculate the remainder when 1090 is divided by 52.
50
Calculate the remainder when 212 is divided by 43.
40
What is the remainder when 386 is divided by 19?
6
Calculate the remainder when 282 is divided by 78.
48
What is the remainder when 4585 is divided by 34?
29
Calculate the remainder when 245 is divided by 62.
59
Calculate the remainder when 543 is divided by 13.
10
What is the remainder when 67 is divided by 8?
3
Calculate the remainder when 242 is divided by 9.
8
What is the remainder when 21 is divided by 12?
9
What is the remainder when 1703 is divided by 71?
70
What is the remainder when 1314 is divided by 110?
104
Calculate the remainder when 53 is divided by 40.
13
What is the remainder when 19595 is divided by 417?
413
What is the remainder when 1805 is divided by 43?
42
What is the remainder when 249 is divided by 25?
24
What is the remainder when 6791 is divided by 24?
23
What is the remainder when 211 is divided by 84?
43
What is the remainder when 3508 is divided by 29?
28
What is the remainder when 158 is divided by 65?
28
What is the remainder when 1871 is divided by 144?
143
Calculate the remainder when 977 is divided by 139.
4
Calculate the remainder when 92 is divided by 31.
30
Calculate the remainder when 37046 is divided by 285.
281
What is the remainder when 611 is divided by 124?
115
What is the remainder when 338 is divided by 85?
83
What is the remainder when 261 is divided by 60?
21
What is the remainder when 296 is divided by 89?
29
What is the remainder when 1145 is divided by 231?
221
Calculate the remainder when 33 is divided by 21.
12
Calculate the remainder when 254 is divided by 58.
22
What is the remainder when 546 is divided by 196?
154
What is the remainder when 1162 is divided by 239?
206
What is the remainder when 923 is divided by 32?
27
What is the remainder when 2258 is divided by 19?
16
What is the remainder when 134 is divided by 50?
34
Calculate the remainder when 3031 is divided by 44.
39
Calculate the remainder when 696 is divided by 48.
24
Calculate the remainder when 140 is divided by 8.
4
What is the remainder when 3707 is divided by 161?
4
What is the remainder when 632 is divided by 99?
38
What is the remainder when 519 is divided by 52?
51
What is the remainder when 339 is divided by 115?
109
What is the remainder when 94 is divided by 33?
28
What is the remainder when 262 is divided by 5?
2
Calculate the remainder when 697 is divided by 152.
89
Calculate the remainder when 390 is divided by 8.
6
Calculate the remainder when 993 is divided by 7.
6
Calculate the remainder when 204 is divided by 36.
24
What is the remainder when 93 is divided by 93?
0
What is the remainder when 107 is divided by 46?
15
Calculate the remainder when 236 is divided by 65.
41
What is the remainder when 263 is divided by 33?
32
What is the remainder when 619 is divided by 5?
4
Calculate the remainder when 198 is divided by 36.
18
Calculate the remainder when 405 is divided by 82.
77
Calculate the remainder when 915 is divided by 51.
48
What is the remainder when 1356 is divided by 14?
12
Calculate the remainder when 157 is divided by 37.
9
Calculate the remainder when 333 is divided by 110.
3
Calculate the remainder when 97 is divided by 34.
29
What is the remainder when 232 is divided by 27?
16
Calculate the remainder when 475 is divided by 38.
19
Calculate the remainder when 1124 is divided by 42.
32
Calculate the remainder when 776 is divided by 66.
50
Calculate the remainder when 789 is divided by 9.
6
What is the remainder when 506 is divided by 73?
68
Calculate the remainder when 4077 is divided by 120.
117
Calculate the remainder when 85 is divided by 20.
5
What is the remainder when 334 is divided by 48?
46
What is the remainder when 125 is divided by 79?
46
Calculate the remainder when 488 is divided by 10.
8
What is the remainder when 213 is divided by 43?
41
What is the remainder when 141 is divided by 8?
5
Calculate the remainder when 1388 is divided by 174.
170
Calculate the remainder when 197 is divided by 74.
49
What is the remainder when 1510 is divided by 72?
70
Calculate the remainder when 190 is divided by 16.
14
Calculate the remainder when 61 is divided by 42.
19
Calculate the remainder when 1278 is divided by 63.
18
What